{"id":29158,"date":"2025-05-18T20:13:25","date_gmt":"2025-05-18T18:13:25","guid":{"rendered":"https:\/\/www.vaguebasque.fr\/?page_id=29158"},"modified":"2025-05-19T14:22:47","modified_gmt":"2025-05-19T12:22:47","slug":"surfer-vague-basque-2","status":"publish","type":"page","link":"https:\/\/www.vaguebasque.fr\/index.php\/surfer-vague-basque-2\/","title":{"rendered":"Surfer Vague Basque"},"content":{"rendered":"<div class=\"wpb-content-wrapper\"><p>[vc_row css=\u00a0\u00bb.vc_custom_1529099143220{background-color: #212331 !important;}\u00a0\u00bb][vc_column width=\u00a0\u00bb1\/6&Prime;][\/vc_column][vc_column width=\u00a0\u00bb2\/3&Prime; css=\u00a0\u00bb.vc_custom_1529099153965{background-color: #ffffff !important;}\u00a0\u00bb][vc_column_text]<\/p>\n<h1 id=\"block-618e426f-998a-4ca5-8e4a-62186496dcff\" class=\"block-editor-block-list__block wp-block is-selected is-typing rich-text block-editor-rich-text__editable has-text-align-center is-hovered wp-block\" tabindex=\"0\" role=\"textbox\" contenteditable=\"true\" aria-label=\"R\u00e9digez un titre\u2026\" aria-multiline=\"true\" data-block=\"618e426f-998a-4ca5-8e4a-62186496dcff\" data-type=\"core\/heading\" data-title=\"Titre\"><\/h1>\n<p tabindex=\"0\" role=\"textbox\" aria-label=\"R\u00e9digez un titre\u2026\" aria-multiline=\"true\" data-block=\"e993f2f8-5feb-4798-96ee-6edc47335789\" data-type=\"core\/heading\" data-title=\"Titre\">Vous \u00eates ici &gt; <a href=\"http:\/\/www.vaguebasque.fr\">Accueil<\/a> &gt; Surfer \u00e0 Biarritz<br \/>\n<a href=\"https:\/\/www.vaguebasque.fr\/index.php\/stages-de-surf-vb\/\">D\u00e9couvrez aussi nos stages de surf en cliquant ici<\/a><\/p>\n<h2 id=\"block-e993f2f8-5feb-4798-96ee-6edc47335789\" class=\"block-editor-block-list__block wp-block is-selected is-typing rich-text block-editor-rich-text__editable is-hovered wp-block\" tabindex=\"0\" role=\"textbox\" contenteditable=\"true\" aria-label=\"R\u00e9digez un titre\u2026\" aria-multiline=\"true\" data-block=\"e993f2f8-5feb-4798-96ee-6edc47335789\" data-type=\"core\/heading\" data-title=\"Titre\">Nos Cours de Surf \u00e0 Biarritz :<\/h2>\n<div>A <strong>l&rsquo;\u00e9cole de surf <\/strong>La Vague Basque, nous proposons des <strong>cours de surf<\/strong> adapt\u00e9s \u00e0 tous les niveaux et \u00e0 toutes les envies. Que vous soyez d\u00e9butant, surfeur confirm\u00e9, enfant ou amateur de stand up paddle, nous avons la formule id\u00e9ale pour vous faire progresser tout en vous amusant et en toute s\u00e9curit\u00e9.<\/div>\n<div>\n<div><\/div>\n<\/div>\n<h2 id=\"block-a1e2d784-ba37-4b03-ad2a-27beeccb9e75\" class=\"block-editor-block-list__block wp-block is-selected is-typing rich-text block-editor-rich-text__editable has-medium-font-size is-hovered wp-block\" tabindex=\"0\" role=\"textbox\" contenteditable=\"true\" aria-label=\"R\u00e9digez un titre\u2026\" aria-multiline=\"true\" data-block=\"a1e2d784-ba37-4b03-ad2a-27beeccb9e75\" data-type=\"core\/heading\" data-title=\"Titre\">&#8211; Cours de surf d\u00e9butant<\/h2>\n<div>Nos <strong>cours de surf d\u00e9butants<\/strong> s\u2019adressent \u00e0 celles et ceux qui n\u2019ont jamais surf\u00e9 ou qui souhaitent reprendre les bases en toute s\u00e9curit\u00e9. Gr\u00e2ce \u00e0 une approche p\u00e9dagogique progressive, nos <strong>moniteurs de surf<\/strong> vous accompagnent pas \u00e0 pas pour que vous puissiez rapidement prendre vos premi\u00e8res vagues. Tout l\u2019\u00e9quipement est fourni, et les cours se d\u00e9roulent dans une ambiance conviviale.<\/div>\n<div><\/div>\n<div>\ud83d\udc49\u00a0<em><a href=\"https:\/\/www.vaguebasque.fr\/index.php\/categorie-produit\/formules\/cours\/\">R\u00e9servez d\u00e8s maintenant vos cours de surf d\u00e9butant<\/a><\/em><\/div>\n<h2 id=\"block-c10c5f75-86db-4a34-9c2d-76d67ed80cdf\" class=\"block-editor-block-list__block wp-block is-selected is-typing rich-text block-editor-rich-text__editable has-medium-font-size is-hovered wp-block\" tabindex=\"0\" role=\"textbox\" contenteditable=\"true\" aria-label=\"R\u00e9digez un titre\u2026\" aria-multiline=\"true\" data-block=\"c10c5f75-86db-4a34-9c2d-76d67ed80cdf\" data-type=\"core\/heading\" data-title=\"Titre\">&#8211; Cours de surf confirm\u00e9<\/h2>\n<div>Vous avez d\u00e9j\u00e0 une bonne pratique du surf ? Nos cours pour surfeurs confirm\u00e9s vous permettent d\u2019am\u00e9liorer vos man\u0153uvres, votre lecture de vague et votre autonomie \u00e0 l\u2019eau. Nous vous aidons \u00e0 perfectionner votre style et \u00e0 surfer avec plus d\u2019assurance, m\u00eame dans des conditions plus techniques.<\/div>\n<div><\/div>\n<div>\ud83d\udc49\u00a0<em><a href=\"https:\/\/www.vaguebasque.fr\/index.php\/categorie-produit\/formules\/cours\/\">R\u00e9servez d\u00e8s maintenant vos cours de surf confirm\u00e9<\/a><\/em><\/div>\n<h2 id=\"block-042574a7-159d-46ed-b0c7-d6ba5cd5722a\" class=\"block-editor-block-list__block wp-block is-selected is-typing rich-text block-editor-rich-text__editable has-medium-font-size is-hovered wp-block\" tabindex=\"0\" role=\"textbox\" contenteditable=\"true\" aria-label=\"R\u00e9digez un titre\u2026\" aria-multiline=\"true\" data-block=\"042574a7-159d-46ed-b0c7-d6ba5cd5722a\" data-type=\"core\/heading\" data-title=\"Titre\">&#8211; Cours de surf collectifs (max 8 personnes)<\/h2>\n<div>Les <strong>cours de surf collectifs<\/strong> sont id\u00e9als pour progresser dans une dynamique de groupe tout en b\u00e9n\u00e9ficiant d\u2019un accompagnement personnalis\u00e9. Limit\u00e9 \u00e0\u00a0<strong>8 participants maximum<\/strong>, chaque session permet une attention adapt\u00e9e \u00e0 chacun. Bonne humeur assur\u00e9e !<\/div>\n<div><\/div>\n<div>\ud83d\udc49\u00a0<em><a href=\"https:\/\/www.vaguebasque.fr\/index.php\/produit\/cours-collectif-8-personnes\/\">R\u00e9servez d\u00e8s maintenant vos cours collectifs<\/a><\/em><\/div>\n<h2 id=\"block-1a55015b-517e-48ac-95a6-7ba6ea0c509f\" class=\"block-editor-block-list__block wp-block is-selected is-typing rich-text block-editor-rich-text__editable has-medium-font-size is-hovered wp-block\" tabindex=\"0\" role=\"textbox\" contenteditable=\"true\" aria-label=\"R\u00e9digez un titre\u2026\" aria-multiline=\"true\" data-block=\"1a55015b-517e-48ac-95a6-7ba6ea0c509f\" data-type=\"core\/heading\" data-title=\"Titre\">&#8211; Jardin de vagues (5-9 ans)<\/h2>\n<div>Le\u00a0<strong>Jardin de Vagues<\/strong>\u00a0est un format sp\u00e9cialement con\u00e7u pour les enfants de 5 \u00e0 9 ans. Nos moniteurs de surf form\u00e9s \u00e0 l\u2019enseignement des plus jeunes cr\u00e9ent un cadre ludique et s\u00e9curis\u00e9, pour un premier contact avec l\u2019oc\u00e9an tout en douceur. L\u2019objectif : d\u00e9couvrir le surf en s\u2019amusant !<\/div>\n<div><\/div>\n<div>\ud83d\udc49\u00a0<em><a href=\"https:\/\/www.vaguebasque.fr\/index.php\/produit\/jardin-de-vagues-6-9-ans\/\">R\u00e9servez d\u00e8s maintenant le Jardin de Vagues<\/a><\/em><\/div>\n<h2 id=\"block-6e21c9aa-7615-4d4b-ad90-4e113ead24c6\" class=\"block-editor-block-list__block wp-block is-selected rich-text block-editor-rich-text__editable has-medium-font-size is-hovered wp-block\" tabindex=\"0\" role=\"textbox\" contenteditable=\"true\" aria-label=\"R\u00e9digez un titre\u2026\" aria-multiline=\"true\" data-block=\"6e21c9aa-7615-4d4b-ad90-4e113ead24c6\" data-type=\"core\/heading\" data-title=\"Titre\">&#8211; Cours de surf particuliers<\/h2>\n<div>Envie d\u2019un accompagnement 100 % personnalis\u00e9 ? Nos <strong>cours de surf particuliers<\/strong> sont faits pour vous. En solo ou en petit groupe priv\u00e9, vous b\u00e9n\u00e9ficiez d\u2019un coaching sur mesure pour atteindre vos objectifs \u00e0 votre rythme. Id\u00e9al pour surfer vite\u2026 et bien.<\/div>\n<div><\/div>\n<div>\ud83d\udc49\u00a0<em><a href=\"https:\/\/www.vaguebasque.fr\/index.php\/produit\/cours-particulier\/\">R\u00e9servez d\u00e8s maintenant votre cours particulier<\/a><\/em><\/div>\n<div><\/div>\n<div>\n<h2 class=\"block-editor-block-list__block wp-block is-selected rich-text block-editor-rich-text__editable has-medium-font-size is-hovered wp-block\" tabindex=\"0\" role=\"textbox\" contenteditable=\"true\" aria-label=\"R\u00e9digez un titre\u2026\" aria-multiline=\"true\" data-block=\"6e21c9aa-7615-4d4b-ad90-4e113ead24c6\" data-type=\"core\/heading\" data-title=\"Titre\">&#8211; Cours de Stand Up Paddle<\/h2>\n<div>Envie de d\u00e9couvrir le littoral autrement ? Testez le\u00a0<strong>Stand Up Paddle<\/strong>\u00a0! Accessible \u00e0 tous, cette activit\u00e9 vous permet de naviguer paisiblement sur l\u2019eau tout en travaillant votre \u00e9quilibre. Parfait pour une balade en solo, entre amis ou en famille.<\/div>\n<\/div>\n<div><\/div>\n<div>\ud83d\udc49 <a href=\"https:\/\/www.vaguebasque.fr\/index.php\/produit\/cours-stand-up-paddle\/\">R\u00e9servez d\u00e8s maintenant votre cours de stand up paddle<\/a><\/div>\n<div><\/div>\n<div>\n<p tabindex=\"0\" role=\"textbox\" aria-label=\"R\u00e9digez un titre\u2026\" aria-multiline=\"true\" data-block=\"e993f2f8-5feb-4798-96ee-6edc47335789\" data-type=\"core\/heading\" data-title=\"Titre\"><a href=\"https:\/\/www.vaguebasque.fr\/index.php\/stages-de-surf-vb\/\">D\u00e9couvrez aussi nos stages de surf en cliquant ici<\/a><\/p>\n<\/div>\n<p>[\/vc_column_text][\/vc_column][vc_column width=\u00a0\u00bb1\/6&Prime;][\/vc_column][\/vc_row]<\/p>\n<\/div>","protected":false},"excerpt":{"rendered":"<p>[vc_row css=\u00a0\u00bb.vc_custom_1529099143220{background-color: #212331 !important;}\u00a0\u00bb][vc_column width=\u00a0\u00bb1\/6&Prime;][\/vc_column][vc_column width=\u00a0\u00bb2\/3&Prime; css=\u00a0\u00bb.vc_custom_1529099153965{background-color: #ffffff !important;}\u00a0\u00bb][vc_column_text] Vous \u00eates ici &gt; Accueil &gt; Surfer \u00e0 Biarritz D\u00e9couvrez aussi&#8230;<\/p>\n","protected":false},"author":1,"featured_media":0,"parent":0,"menu_order":0,"comment_status":"closed","ping_status":"closed","template":"","meta":{"footnotes":""},"class_list":["post-29158","page","type-page","status-publish"],"_links":{"self":[{"href":"https:\/\/www.vaguebasque.fr\/index.php\/wp-json\/wp\/v2\/pages\/29158","targetHints":{"allow":["GET"]}}],"collection":[{"href":"https:\/\/www.vaguebasque.fr\/index.php\/wp-json\/wp\/v2\/pages"}],"about":[{"href":"https:\/\/www.vaguebasque.fr\/index.php\/wp-json\/wp\/v2\/types\/page"}],"author":[{"embeddable":true,"href":"https:\/\/www.vaguebasque.fr\/index.php\/wp-json\/wp\/v2\/users\/1"}],"replies":[{"embeddable":true,"href":"https:\/\/www.vaguebasque.fr\/index.php\/wp-json\/wp\/v2\/comments?post=29158"}],"version-history":[{"count":0,"href":"https:\/\/www.vaguebasque.fr\/index.php\/wp-json\/wp\/v2\/pages\/29158\/revisions"}],"wp:attachment":[{"href":"https:\/\/www.vaguebasque.fr\/index.php\/wp-json\/wp\/v2\/media?parent=29158"}],"curies":[{"name":"wp","href":"https:\/\/api.w.org\/{rel}","templated":true}]}}